 is the thousands digit of 5478933821?
3
What is the thousands digit of 755179532?
9
What is the hundred thousands digit of 3175043583?
0
What is the hundred thousands digit of 592546164?
5
What is the thousands digit of 237767998?
7
What is the ten millions digit of 3691143610?
9
What is the tens digit of 39368318?
1
What is the ten thousands digit of 2788400419?
0
What is the ten millions digit of 6584930335?
8
What is the units digit of 271574182?
2
What is the hundreds digit of 115191806?
8
What is the hundred thousands digit of 27702024?
7
What is the thousands digit of 5011601?
1
What is the ten thousands digit of 29345546?
4
What is the millions digit of 76734361?
6
What is the thousands digit of 52975876?
5
What is the hundred thousands digit of 7277590776?
5
What is the hundreds digit of 150715379?
3
What is the thousands digit of 8161509?
1
What is the hundreds digit of 117065597?
5
What is the hundreds digit of 24216539?
5
What is the ten millions digit of 42691366?
4
What is the hundred thousands digit of 450707707?
7
What is the ten millions digit of 171437851?
7
What is the millions digit of 65609087?
5
What is the hundreds digit of 1146721651?
6
What is the hundreds digit of 32775514?
5
What is the units digit of 164479900?
0
What is the ten millions digit of 811454066?
1
What is the millions digit of 65826018?
5
What is the thousands digit of 253807862?
7
What is the units digit of 1658773235?
5
What is the ten thousands digit of 69930843?
3
What is the hundreds digit of 604365826?
8
What is the millions digit of 574825147?
4
What is the billions digit of 1896341761?
1
What is the tens digit of 986654070?
7
What is the ten thousands digit of 45346390?
4
What is the tens digit of 2626722485?
8
What is the millions digit of 215833209?
5
What is the thousands digit of 57393820?
3
What is the ten thousands digit of 111626855?
2
What is the units digit of 1143416411?
1
What is the ten millions digit of 47118918?
4
What is the units digit of 14544084?
4
What is the ten millions digit of 3113006458?
1
What is the hundred thousands digit of 19498447?
4
What is the ten millions digit of 1419811932?
1
What is the units digit of 426400083?
3
What is the thousands digit of 96320026?
0
What is the ten thousands digit of 3734893573?
9
What is the millions digit of 299046504?
9
What is the hundred thousands digit of 26904953?
9
What is the hundreds digit of 1278761650?
6
What is the units digit of 48068875?
5
What is the units digit of 417334353?
3
What is the units digit of 156325322?
2
What is the millions digit of 16249539?
6
What is the ten millions digit of 910204197?
1
What is the hundred thousands digit of 61818477?
8
What is the units digit of 131135255?
5
What is the ten millions digit of 810192299?
1
What is the hundreds digit of 110524105?
1
What is the thousands digit of 1805331989?
1
What is the hundreds digit of 133002012?
0
What is the hundreds digit of 5755878330?
3
What is the ten thousands digit of 2900699538?
9
What is the ten thousands digit of 44634639?
3
What is the millions digit of 1742187755?
2
What is the hundred millions digit of 263253662?
2
What is the hundred millions digit of 335231115?
3
What is the hundreds digit of 635247498?
4
What is the thousands digit of 45894483?
4
What is the hundred thousands digit of 52505855?
5
What is the ten millions digit of 17646461?
1
What is the thousands digit of 25468031?
8
What is the billions digit of 1610974447?
1
What is the thousands digit of 48921198?
1
What is the hundreds digit of 33599405?
4
What is the millions digit of 35121102?
5
What is the ten thousands digit of 12900072?
0
What is the hundred thousands digit of 37750955?
7
What is the hundreds digit of 10628923?
9
What is the units digit of 44413433?
3
What is the units digit of 77697603?
3
What is the hundreds digit of 74454999?
9
What is the units digit of 458269668?
8
What is the units digit of 46869358?
8
What is the billions digit of 1295236491?
1
What is the hundreds digit of 25456140?
1
What is the ten thousands digit of 43560490?
6
What is the hundreds digit of 34437182?
1
What is the millions digit of 1110939111?
0
What is the ten thousands digit of 129230275?
3
What is the hundreds digit of 30238856?
8
What is the tens digit of 42438832?
3
What is the thousands digit of 4868572078?
2
What is the millions digit of 17830930?
7
What is the hundreds digit of 3963812261?
2
What is the hundreds digit of 620493903?
9
What is the units digit of 2820504748?
8
What is the hundreds digit of 5713123254?
2
What is the ten thousands digit of 571965837?
6
What is the hundreds digit of 42828275?
2
What is the millions digit of 386023143?
6
What is the hundreds digit of 3888630960?
9
What is the hundred thousands digit of 41165483?
1
What is the hundreds digit of 325928463?
4
What is the hundred millions digit of 970758673?
9
What is the thousands digit of 2223128958?
8
What is the ten thousands digit of 649910712?
1
What is the ten thousands digit of 344197672?
9
What is the units digit of 36963115?
5
What is the hundred thousands digit of 194321668?
3
What is the ten thousands digit of 232135870?
3
What is the millions digit of 91300476?
1
What is the tens digit of 526013241?
4
What is the tens digit of 72393485?
8
What is the hundreds digit of 3599698?
6
What is the hundreds digit of 656102583?
5
What is the ten thousands digit of 4132407490?
0
What is the hundreds digit of 58289180?
1
What is the billions digit of 1646814927?
1
What is the hundred millions digit of 227398957?
2
What is the hundred millions digit of 3268059523?
2
What is the tens digit of 1055614467?
6
What is the ten thousands digit of 222440665?
4
What is the millions digit of 821641879?
1
What is the ten thousands digit of 252303697?
0
What is the millions digit of 344085935?
4
What is the billions digit of 5784685909?
5
What is the tens digit of 2413084630?
3
What is the ten thousands digit of 48473272?
7
What is the hundreds digit of 126731437?
4
What is the millions digit of 8583577?
8
What is the ten thousands digit of 1937624447?
2
What is the ten thousands digit of 817230205?
3
What is the hundred millions digit of 3686139352?
6
What is the ten millions digit of 789671547?
8
What is the millions digit of 42204088?
2
What is the hundreds digit of 81681067?
0
What is the millions digit of 37349918?
7
What is the hundreds digit of 71071677?
6
What is the tens digit of 117187765?
6
What is the ten millions digit of 1426510166?
2
What is the hundreds digit of 558518267?
2
What is the hundred thousands digit of 101896628?
8
What is the billions digit of 1935190979?
1
What is the ten thousands digit of 67639636?
3
What is the thousands digit of 414045164?
5
What is the units digit of 176212457?
7
What is the ten millions digit of 23249718?
2
What is the thousands digit of 126345334?
5
What is the ten thousands digit of 744133752?
3
What is the tens digit of 43416678?
7
What is the units digit of 81254564?
4
What is the hundreds digit of 2392089242?
2
What is the units digit of 59046820?
0
What is the hundred millions digit of 967950119?
9
What is the hundred millions digit of 3579434862?
5
What is the thousands digit of 10592880?
2
What is the tens digit of 3886872?
7
What is the hundreds digit of 1393407807?
8
What is the hundreds digit of 150274065?
0
What is the hundred thousands digit of 37225768?
2
What is the ten millions digit of 101916230?
0
What is the ten millions digit of 21483608?
2
What is the millions digit of 3324718984?
4
What is the ten millions digit of 3750871217?
5
What is the thousands digit of 159883154?
3
What is the hundred thousands digit of 90320961?
3
What is the hundred millions digit of 184451453?
1
What is the units digit of 42332534?
4
What is the hundred millions digit of 6148170009?
1
What is the hundreds digit of 31485111?
1
What is the millions digit of 115801034?
5
What is the thousands digit of 109078182?
8
What is the thousands digit of 1678186376?
6
What is the ten thousands digit of 31623423?
2
What is the tens digit of 1149022873?
7
What is the tens digit of 75949772?
7
What is the hundred thousands digit of 13322027?
3
What is the millions digit of 134043292?
4
What is the hundred millions digit of 1